{"id":13,"date":"2024-03-19T13:40:46","date_gmt":"2024-03-19T13:40:46","guid":{"rendered":"http:\/\/shop.genfarmer.com\/?page_id=13"},"modified":"2025-05-11T01:06:56","modified_gmt":"2025-05-11T01:06:56","slug":"blog","status":"publish","type":"page","link":"https:\/\/genfarmer.com\/shop\/blog\/","title":{"rendered":"Blog"},"content":{"rendered":"  <div id=\"page-header-234376222\" class=\"page-header-wrapper\">\n  <div class=\"page-title hidden light simple-title\">\n\n        <div class=\"page-title-bg\">\n      <div class=\"title-bg fill bg-fill\"\n        data-parallax-container=\".page-title\"\n        data-parallax-background\n        data-parallax=\"-\">\n      <\/div>\n      <div class=\"title-overlay fill\"><\/div>\n    <\/div>\n    \n    <div class=\"page-title-inner container align-center text-center flex-row-col medium-flex-wrap\" >\n              <div class=\"title-wrapper uppercase is-xlarge flex-col\">\n          <h1 class=\"entry-title mb-0\">\n            Blog          <\/h1>\n        <\/div>\n                    <div class=\"title-content flex-col\">\n        <div class=\"title-breadcrumbs pb-half pt-half\"><nav class=\"woocommerce-breadcrumb breadcrumbs \">Trang ch\u1ee7<\/nav><\/div>      <\/div>\n    <\/div>\n\n     \n<style>\n#page-header-234376222 .page-title-inner {\n  min-height: 400px;\n}\n#page-header-234376222 .title-bg {\n  background-image: url(https:\/\/genfarmer.com\/shop\/wp-content\/uploads\/2024\/03\/mceclip0_75.png);\n}\n<\/style>\n  <\/div>\n    <\/div>\n  \r\n\r\n\t<div id=\"gap-194814931\" class=\"gap-element clearfix\" style=\"display:block; height:auto;\">\n\t\t\n<style>\n#gap-194814931 {\n  padding-top: 30px;\n}\n<\/style>\n\t<\/div>\n\t\r\n\r\n<div class=\"row row-baiviet-noibat\" style=\"max-width:1280px\" id=\"row-1977286708\">\r\n\r\n\n\t<div id=\"col-11952863\" class=\"col row-baiviet-noibat__list-bvnb medium-6 small-12 large-6\"  >\n\t\t\t\t<div class=\"col-inner\"  >\n\t\t\t\n\t\t\t\r\n\r\n\n  \n    <div class=\"row large-columns-1 medium-columns-1 small-columns-1 slider row-slider slider-nav-circle slider-nav-push\"  data-flickity-options='{&quot;imagesLoaded&quot;: true, &quot;groupCells&quot;: &quot;100%&quot;, &quot;dragThreshold&quot; : 5, &quot;cellAlign&quot;: &quot;left&quot;,&quot;wrapAround&quot;: true,&quot;prevNextButtons&quot;: true,&quot;percentPosition&quot;: true,&quot;pageDots&quot;: false, &quot;rightToLeft&quot;: false, &quot;autoPlay&quot; : 6000}' >\n\n  <div class=\"col post-item\" >\n\t\t\t<div class=\"col-inner\">\n\t\t\t\t<div class=\"box box-normal box-text-bottom box-blog-post has-hover\">\n          \t\t\t\t\t<div class=\"box-text text-left\" >\n\t\t\t\t\t<div class=\"box-text-inner blog-post-inner\">\n\n\t\t\t\t\t\n\t\t\t\t\t\t\t\t\t\t\t<p class=\"cat-label tag-label is-xxsmall op-7 uppercase\">\n\t\t\t\t\tDevices &amp; Networking \t\t\t\t\t<\/p>\n\t\t\t\t\t\t\t\t\t\t<h5 class=\"post-title is-large \">\n\t\t\t\t\t\t<a href=\"https:\/\/genfarmer.com\/shop\/como-elegir-el-mejor-router-para-box-phone-farm-mmo-en-2026\/\" class=\"plain\">C\u00f3mo elegir el mejor router para Box Phone Farm MMO en 2026<\/a>\n\t\t\t\t\t<\/h5>\n\t\t\t\t\t<div class=\"post-meta is-small op-8\">Th\u00e1ng 4 15, 2026<\/div>\t\t\t\t\t<div class=\"is-divider\"><\/div>\n\t\t\t\t\t\t\t\t\t\t<p class=\"from_the_blog_excerpt \">\n\t\t\t\t\t\tLa cruda realidad en el mundo del MMO: m\u00e1s del 80% de los principiantes fracasan porque conf\u00edan en routers WiFi dom\u00e9sticos para ejecutar su automatizaci\u00f3n. Cuando conectas docenas o cientos...\t\t\t\t\t<\/p>\n\t\t\t\t\t                    \n\t\t\t\t\t\n\t\t\t\t\t\n\t\t\t\t\t<\/div>\n\t\t\t\t\t<\/div>\n\t\t\t\t\t\t\t\t\t<\/div>\n\t\t\t<\/div>\n\t\t<\/div><\/div>\r\n\r\n\r\n\t\t<\/div>\n\t\t\t\t\t<\/div>\n\n\t\r\n\n\t<div id=\"col-873621552\" class=\"col row-baiviet-noibat__list-xemnhieu medium-6 small-12 large-6\"  >\n\t\t\t\t<div class=\"col-inner\"  >\n\t\t\t\n\t\t\t\r\n\r\n\n  \n    <div class=\"row large-columns-1 medium-columns-1 small-columns-1 row-small\" >\n  <div class=\"col post-item\" >\n\t\t\t<div class=\"col-inner\">\n\t\t\t\t<div class=\"box box-vertical box-text-middle box-blog-post has-hover\">\n          \t\t\t\t\t<div class=\"box-text text-left\" >\n\t\t\t\t\t<div class=\"box-text-inner blog-post-inner\">\n\n\t\t\t\t\t\n\t\t\t\t\t\t\t\t\t\t\t<p class=\"cat-label tag-label is-xxsmall op-7 uppercase\">\n\t\t\t\t\tDevices &amp; Networking \t\t\t\t\t<\/p>\n\t\t\t\t\t\t\t\t\t\t<h5 class=\"post-title is-large \">\n\t\t\t\t\t\t<a href=\"https:\/\/genfarmer.com\/shop\/how-to-choose-the-best-router-for-box-phone-farm-mmo-in-2026\/\" class=\"plain\">How to Choose the Best Router for Box Phone Farm MMO in 2026<\/a>\n\t\t\t\t\t<\/h5>\n\t\t\t\t\t<div class=\"post-meta is-small op-8\">Th\u00e1ng 4 15, 2026<\/div>\t\t\t\t\t<div class=\"is-divider\"><\/div>\n\t\t\t\t\t                    \n\t\t\t\t\t\n\t\t\t\t\t\n\t\t\t\t\t<\/div>\n\t\t\t\t\t<\/div>\n\t\t\t\t\t\t\t\t\t<\/div>\n\t\t\t<\/div>\n\t\t<\/div><div class=\"col post-item\" >\n\t\t\t<div class=\"col-inner\">\n\t\t\t\t<div class=\"box box-vertical box-text-middle box-blog-post has-hover\">\n          \t\t\t\t\t<div class=\"box-text text-left\" >\n\t\t\t\t\t<div class=\"box-text-inner blog-post-inner\">\n\n\t\t\t\t\t\n\t\t\t\t\t\t\t\t\t\t\t<p class=\"cat-label tag-label is-xxsmall op-7 uppercase\">\n\t\t\t\t\tDevices &amp; Networking \t\t\t\t\t<\/p>\n\t\t\t\t\t\t\t\t\t\t<h5 class=\"post-title is-large \">\n\t\t\t\t\t\t<a href=\"https:\/\/genfarmer.com\/shop\/memilih-router-wifi-id\/\" class=\"plain\">Cara Memilih Router Terbaik untuk Box Phone Farm MMO di 2026<\/a>\n\t\t\t\t\t<\/h5>\n\t\t\t\t\t<div class=\"post-meta is-small op-8\">Th\u00e1ng 4 15, 2026<\/div>\t\t\t\t\t<div class=\"is-divider\"><\/div>\n\t\t\t\t\t                    \n\t\t\t\t\t\n\t\t\t\t\t\n\t\t\t\t\t<\/div>\n\t\t\t\t\t<\/div>\n\t\t\t\t\t\t\t\t\t<\/div>\n\t\t\t<\/div>\n\t\t<\/div><div class=\"col post-item\" >\n\t\t\t<div class=\"col-inner\">\n\t\t\t\t<div class=\"box box-vertical box-text-middle box-blog-post has-hover\">\n            \t\t\t\t\t<div class=\"box-image\" style=\"border-radius:5%;width:33%;\">\n  \t\t\t\t\t\t<div class=\"image-cover\" style=\"padding-top:65%;\">\n\t\t\t\t\t\t\t\t\t\t\t\t\t\t<a href=\"https:\/\/genfarmer.com\/shop\/pasif-income-phone-farm-id\/\" class=\"plain\" aria-label=\"Pasif Income Phone Farm: Ekspektasi &#038; Penghasilan Realistis\">\n\t\t\t\t\t\t\t\t<img loading=\"lazy\" decoding=\"async\" width=\"300\" height=\"180\" src=\"https:\/\/genfarmer.com\/shop\/wp-content\/uploads\/2026\/03\/item_86_1774942662-300x180.png\" class=\"attachment-medium size-medium wp-post-image\" alt=\"Pasif Income Phone Farm: Ekspektasi &amp; Penghasilan Realistis\" srcset=\"https:\/\/genfarmer.com\/shop\/wp-content\/uploads\/2026\/03\/item_86_1774942662-300x180.png 300w, https:\/\/genfarmer.com\/shop\/wp-content\/uploads\/2026\/03\/item_86_1774942662-768x461.png 768w, https:\/\/genfarmer.com\/shop\/wp-content\/uploads\/2026\/03\/item_86_1774942662-600x360.png 600w, https:\/\/genfarmer.com\/shop\/wp-content\/uploads\/2026\/03\/item_86_1774942662.png 800w\" sizes=\"auto, (max-width: 300px) 100vw, 300px\" \/>\t\t\t\t\t\t\t<\/a>\n  \t\t\t\t\t\t\t  \t\t\t\t\t\t\t  \t\t\t\t\t\t<\/div>\n  \t\t\t\t\t\t  \t\t\t\t\t<\/div>\n          \t\t\t\t\t<div class=\"box-text text-left\" >\n\t\t\t\t\t<div class=\"box-text-inner blog-post-inner\">\n\n\t\t\t\t\t\n\t\t\t\t\t\t\t\t\t\t\t<p class=\"cat-label tag-label is-xxsmall op-7 uppercase\">\n\t\t\t\t\tPhone Farm \t\t\t\t\t<\/p>\n\t\t\t\t\t\t\t\t\t\t<h5 class=\"post-title is-large \">\n\t\t\t\t\t\t<a href=\"https:\/\/genfarmer.com\/shop\/pasif-income-phone-farm-id\/\" class=\"plain\">Pasif Income Phone Farm: Ekspektasi &#038; Penghasilan Realistis<\/a>\n\t\t\t\t\t<\/h5>\n\t\t\t\t\t<div class=\"post-meta is-small op-8\">Th\u00e1ng 3 31, 2026<\/div>\t\t\t\t\t<div class=\"is-divider\"><\/div>\n\t\t\t\t\t                    \n\t\t\t\t\t\n\t\t\t\t\t\n\t\t\t\t\t<\/div>\n\t\t\t\t\t<\/div>\n\t\t\t\t\t\t\t\t\t<\/div>\n\t\t\t<\/div>\n\t\t<\/div><div class=\"col post-item\" >\n\t\t\t<div class=\"col-inner\">\n\t\t\t\t<div class=\"box box-vertical box-text-middle box-blog-post has-hover\">\n            \t\t\t\t\t<div class=\"box-image\" style=\"border-radius:5%;width:33%;\">\n  \t\t\t\t\t\t<div class=\"image-cover\" style=\"padding-top:65%;\">\n\t\t\t\t\t\t\t\t\t\t\t\t\t\t<a href=\"https:\/\/genfarmer.com\/shop\/phone-farm-passive-income-es\/\" class=\"plain\" aria-label=\"Phone Farm Passive Income: Expectativas y Ganancias Reales\">\n\t\t\t\t\t\t\t\t<img loading=\"lazy\" decoding=\"async\" width=\"300\" height=\"180\" src=\"https:\/\/genfarmer.com\/shop\/wp-content\/uploads\/2026\/03\/item_85_1774942101-300x180.png\" class=\"attachment-medium size-medium wp-post-image\" alt=\"Phone Farm Passive Income: Expectativas y Ganancias Reales\" srcset=\"https:\/\/genfarmer.com\/shop\/wp-content\/uploads\/2026\/03\/item_85_1774942101-300x180.png 300w, https:\/\/genfarmer.com\/shop\/wp-content\/uploads\/2026\/03\/item_85_1774942101-768x461.png 768w, https:\/\/genfarmer.com\/shop\/wp-content\/uploads\/2026\/03\/item_85_1774942101-600x360.png 600w, https:\/\/genfarmer.com\/shop\/wp-content\/uploads\/2026\/03\/item_85_1774942101.png 800w\" sizes=\"auto, (max-width: 300px) 100vw, 300px\" \/>\t\t\t\t\t\t\t<\/a>\n  \t\t\t\t\t\t\t  \t\t\t\t\t\t\t  \t\t\t\t\t\t<\/div>\n  \t\t\t\t\t\t  \t\t\t\t\t<\/div>\n          \t\t\t\t\t<div class=\"box-text text-left\" >\n\t\t\t\t\t<div class=\"box-text-inner blog-post-inner\">\n\n\t\t\t\t\t\n\t\t\t\t\t\t\t\t\t\t\t<p class=\"cat-label tag-label is-xxsmall op-7 uppercase\">\n\t\t\t\t\tPhone Farm \t\t\t\t\t<\/p>\n\t\t\t\t\t\t\t\t\t\t<h5 class=\"post-title is-large \">\n\t\t\t\t\t\t<a href=\"https:\/\/genfarmer.com\/shop\/phone-farm-passive-income-es\/\" class=\"plain\">Phone Farm Passive Income: Expectativas y Ganancias Reales<\/a>\n\t\t\t\t\t<\/h5>\n\t\t\t\t\t<div class=\"post-meta is-small op-8\">Th\u00e1ng 3 31, 2026<\/div>\t\t\t\t\t<div class=\"is-divider\"><\/div>\n\t\t\t\t\t                    \n\t\t\t\t\t\n\t\t\t\t\t\n\t\t\t\t\t<\/div>\n\t\t\t\t\t<\/div>\n\t\t\t\t\t\t\t\t\t<\/div>\n\t\t\t<\/div>\n\t\t<\/div><\/div>\r\n\r\n\r\n\t\t<\/div>\n\t\t\t\t\t<\/div>\n\n\t\r\n\r\n<\/div>\r\n<div class=\"row row-baiviet-moinhat\" style=\"max-width:1280px\" id=\"row-1476384346\">\r\n\r\n\n\t<div id=\"col-2118705004\" class=\"col row-baiviet-noibat__list-bvnb small-12 large-12\"  >\n\t\t\t\t<div class=\"col-inner\"  >\n\t\t\t\n\t\t\t\r\n\r\n\r\n\r\n<div class=\"blogs-listings__heading\">B\u00e0i m\u1edbi m\u1ed7i ng\u00e0y<\/div>\r\n\r\n\t\t<div id=\"ux-relay-1508223497\" class=\"ux-relay ux-relay--prev-next\" data-flatsome-relay=\"{&quot;postType&quot;:&quot;post&quot;,&quot;tag&quot;:&quot;blog_posts&quot;,&quot;atts&quot;:{&quot;style&quot;:&quot;normal&quot;,&quot;type&quot;:&quot;row&quot;,&quot;columns&quot;:&quot;3&quot;,&quot;columns__md&quot;:&quot;1&quot;,&quot;relay&quot;:&quot;prev-next&quot;,&quot;posts&quot;:&quot;6&quot;,&quot;show_date&quot;:&quot;text&quot;,&quot;excerpt_length&quot;:&quot;30&quot;,&quot;show_category&quot;:&quot;label&quot;,&quot;image_height&quot;:&quot;75%&quot;,&quot;image_radius&quot;:&quot;3&quot;,&quot;image_size&quot;:&quot;original&quot;,&quot;text_align&quot;:&quot;left&quot;,&quot;class&quot;:&quot;list-post-moinhat&quot;},&quot;currentPage&quot;:&quot;1&quot;,&quot;totalPages&quot;:83,&quot;totalPosts&quot;:497,&quot;postCount&quot;:6}\" >\n\t\t\n  \n    <div class=\"row list-post-moinhat large-columns-3 medium-columns-1 small-columns-1\" >\n  <div class=\"col post-item\" >\n\t\t\t<div class=\"col-inner\">\n\t\t\t\t<div class=\"box box-normal box-text-bottom box-blog-post has-hover\">\n          \t\t\t\t\t<div class=\"box-text text-left\" >\n\t\t\t\t\t<div class=\"box-text-inner blog-post-inner\">\n\n\t\t\t\t\t\n\t\t\t\t\t\t\t\t\t\t\t<p class=\"cat-label tag-label is-xxsmall op-7 uppercase\">\n\t\t\t\t\tDevices &amp; Networking \t\t\t\t\t<\/p>\n\t\t\t\t\t\t\t\t\t\t<h5 class=\"post-title is-large \">\n\t\t\t\t\t\t<a href=\"https:\/\/genfarmer.com\/shop\/como-elegir-el-mejor-router-para-box-phone-farm-mmo-en-2026\/\" class=\"plain\">C\u00f3mo elegir el mejor router para Box Phone Farm MMO en 2026<\/a>\n\t\t\t\t\t<\/h5>\n\t\t\t\t\t<div class=\"post-meta is-small op-8\">Th\u00e1ng 4 15, 2026<\/div>\t\t\t\t\t<div class=\"is-divider\"><\/div>\n\t\t\t\t\t\t\t\t\t\t<p class=\"from_the_blog_excerpt \">\n\t\t\t\t\t\tLa cruda realidad en el mundo del MMO: m\u00e1s del 80% de los principiantes fracasan porque conf\u00edan en routers WiFi dom\u00e9sticos para ejecutar su automatizaci\u00f3n. Cuando conectas docenas o cientos...\t\t\t\t\t<\/p>\n\t\t\t\t\t                    \n\t\t\t\t\t\n\t\t\t\t\t\n\t\t\t\t\t<\/div>\n\t\t\t\t\t<\/div>\n\t\t\t\t\t\t\t\t\t<\/div>\n\t\t\t<\/div>\n\t\t<\/div><div class=\"col post-item\" >\n\t\t\t<div class=\"col-inner\">\n\t\t\t\t<div class=\"box box-normal box-text-bottom box-blog-post has-hover\">\n          \t\t\t\t\t<div class=\"box-text text-left\" >\n\t\t\t\t\t<div class=\"box-text-inner blog-post-inner\">\n\n\t\t\t\t\t\n\t\t\t\t\t\t\t\t\t\t\t<p class=\"cat-label tag-label is-xxsmall op-7 uppercase\">\n\t\t\t\t\tDevices &amp; Networking \t\t\t\t\t<\/p>\n\t\t\t\t\t\t\t\t\t\t<h5 class=\"post-title is-large \">\n\t\t\t\t\t\t<a href=\"https:\/\/genfarmer.com\/shop\/how-to-choose-the-best-router-for-box-phone-farm-mmo-in-2026\/\" class=\"plain\">How to Choose the Best Router for Box Phone Farm MMO in 2026<\/a>\n\t\t\t\t\t<\/h5>\n\t\t\t\t\t<div class=\"post-meta is-small op-8\">Th\u00e1ng 4 15, 2026<\/div>\t\t\t\t\t<div class=\"is-divider\"><\/div>\n\t\t\t\t\t\t\t\t\t\t<p class=\"from_the_blog_excerpt \">\n\t\t\t\t\t\tHere is a brutal truth in the MMO space: over 80% of beginners fail because they rely on standard home WiFi routers to run their automation setups. When you connect...\t\t\t\t\t<\/p>\n\t\t\t\t\t                    \n\t\t\t\t\t\n\t\t\t\t\t\n\t\t\t\t\t<\/div>\n\t\t\t\t\t<\/div>\n\t\t\t\t\t\t\t\t\t<\/div>\n\t\t\t<\/div>\n\t\t<\/div><div class=\"col post-item\" >\n\t\t\t<div class=\"col-inner\">\n\t\t\t\t<div class=\"box box-normal box-text-bottom box-blog-post has-hover\">\n          \t\t\t\t\t<div class=\"box-text text-left\" >\n\t\t\t\t\t<div class=\"box-text-inner blog-post-inner\">\n\n\t\t\t\t\t\n\t\t\t\t\t\t\t\t\t\t\t<p class=\"cat-label tag-label is-xxsmall op-7 uppercase\">\n\t\t\t\t\tDevices &amp; Networking \t\t\t\t\t<\/p>\n\t\t\t\t\t\t\t\t\t\t<h5 class=\"post-title is-large \">\n\t\t\t\t\t\t<a href=\"https:\/\/genfarmer.com\/shop\/memilih-router-wifi-id\/\" class=\"plain\">Cara Memilih Router Terbaik untuk Box Phone Farm MMO di 2026<\/a>\n\t\t\t\t\t<\/h5>\n\t\t\t\t\t<div class=\"post-meta is-small op-8\">Th\u00e1ng 4 15, 2026<\/div>\t\t\t\t\t<div class=\"is-divider\"><\/div>\n\t\t\t\t\t\t\t\t\t\t<p class=\"from_the_blog_excerpt \">\n\t\t\t\t\t\tKebenaran brutal di dunia MMO: lebih dari 80% pemula gagal karena mereka mengandalkan router WiFi rumahan standar untuk menjalankan pengaturan otomatisasi mereka. Saat Anda menghubungkan puluhan atau ratusan ponsel, router...\t\t\t\t\t<\/p>\n\t\t\t\t\t                    \n\t\t\t\t\t\n\t\t\t\t\t\n\t\t\t\t\t<\/div>\n\t\t\t\t\t<\/div>\n\t\t\t\t\t\t\t\t\t<\/div>\n\t\t\t<\/div>\n\t\t<\/div><div class=\"col post-item\" >\n\t\t\t<div class=\"col-inner\">\n\t\t\t\t<div class=\"box box-normal box-text-bottom box-blog-post has-hover\">\n            \t\t\t\t\t<div class=\"box-image\" style=\"border-radius:3%;\">\n  \t\t\t\t\t\t<div class=\"image-cover\" style=\"padding-top:75%;\">\n\t\t\t\t\t\t\t\t\t\t\t\t\t\t<a href=\"https:\/\/genfarmer.com\/shop\/pasif-income-phone-farm-id\/\" class=\"plain\" aria-label=\"Pasif Income Phone Farm: Ekspektasi &#038; Penghasilan Realistis\">\n\t\t\t\t\t\t\t\t<img loading=\"lazy\" decoding=\"async\" width=\"800\" height=\"480\" src=\"https:\/\/genfarmer.com\/shop\/wp-content\/uploads\/2026\/03\/item_86_1774942662.png\" class=\"attachment-original size-original wp-post-image\" alt=\"Pasif Income Phone Farm: Ekspektasi &amp; Penghasilan Realistis\" srcset=\"https:\/\/genfarmer.com\/shop\/wp-content\/uploads\/2026\/03\/item_86_1774942662.png 800w, https:\/\/genfarmer.com\/shop\/wp-content\/uploads\/2026\/03\/item_86_1774942662-300x180.png 300w, https:\/\/genfarmer.com\/shop\/wp-content\/uploads\/2026\/03\/item_86_1774942662-768x461.png 768w, https:\/\/genfarmer.com\/shop\/wp-content\/uploads\/2026\/03\/item_86_1774942662-600x360.png 600w\" sizes=\"auto, (max-width: 800px) 100vw, 800px\" \/>\t\t\t\t\t\t\t<\/a>\n  \t\t\t\t\t\t\t  \t\t\t\t\t\t\t  \t\t\t\t\t\t<\/div>\n  \t\t\t\t\t\t  \t\t\t\t\t<\/div>\n          \t\t\t\t\t<div class=\"box-text text-left\" >\n\t\t\t\t\t<div class=\"box-text-inner blog-post-inner\">\n\n\t\t\t\t\t\n\t\t\t\t\t\t\t\t\t\t\t<p class=\"cat-label tag-label is-xxsmall op-7 uppercase\">\n\t\t\t\t\tPhone Farm \t\t\t\t\t<\/p>\n\t\t\t\t\t\t\t\t\t\t<h5 class=\"post-title is-large \">\n\t\t\t\t\t\t<a href=\"https:\/\/genfarmer.com\/shop\/pasif-income-phone-farm-id\/\" class=\"plain\">Pasif Income Phone Farm: Ekspektasi &#038; Penghasilan Realistis<\/a>\n\t\t\t\t\t<\/h5>\n\t\t\t\t\t<div class=\"post-meta is-small op-8\">Th\u00e1ng 3 31, 2026<\/div>\t\t\t\t\t<div class=\"is-divider\"><\/div>\n\t\t\t\t\t\t\t\t\t\t<p class=\"from_the_blog_excerpt \">\n\t\t\t\t\t\tPada tahun 2026, daya tarik phone farm sebagai sumber pendapatan pasif telah memikat banyak orang, namun hanya sebagian kecil penggemar yang benar-benar memahami potensi dan keterbatasan usaha ini. Terlepas dari...\t\t\t\t\t<\/p>\n\t\t\t\t\t                    \n\t\t\t\t\t\n\t\t\t\t\t\n\t\t\t\t\t<\/div>\n\t\t\t\t\t<\/div>\n\t\t\t\t\t\t\t\t\t<\/div>\n\t\t\t<\/div>\n\t\t<\/div><div class=\"col post-item\" >\n\t\t\t<div class=\"col-inner\">\n\t\t\t\t<div class=\"box box-normal box-text-bottom box-blog-post has-hover\">\n            \t\t\t\t\t<div class=\"box-image\" style=\"border-radius:3%;\">\n  \t\t\t\t\t\t<div class=\"image-cover\" style=\"padding-top:75%;\">\n\t\t\t\t\t\t\t\t\t\t\t\t\t\t<a href=\"https:\/\/genfarmer.com\/shop\/phone-farm-passive-income-es\/\" class=\"plain\" aria-label=\"Phone Farm Passive Income: Expectativas y Ganancias Reales\">\n\t\t\t\t\t\t\t\t<img loading=\"lazy\" decoding=\"async\" width=\"800\" height=\"480\" src=\"https:\/\/genfarmer.com\/shop\/wp-content\/uploads\/2026\/03\/item_85_1774942101.png\" class=\"attachment-original size-original wp-post-image\" alt=\"Phone Farm Passive Income: Expectativas y Ganancias Reales\" srcset=\"https:\/\/genfarmer.com\/shop\/wp-content\/uploads\/2026\/03\/item_85_1774942101.png 800w, https:\/\/genfarmer.com\/shop\/wp-content\/uploads\/2026\/03\/item_85_1774942101-300x180.png 300w, https:\/\/genfarmer.com\/shop\/wp-content\/uploads\/2026\/03\/item_85_1774942101-768x461.png 768w, https:\/\/genfarmer.com\/shop\/wp-content\/uploads\/2026\/03\/item_85_1774942101-600x360.png 600w\" sizes=\"auto, (max-width: 800px) 100vw, 800px\" \/>\t\t\t\t\t\t\t<\/a>\n  \t\t\t\t\t\t\t  \t\t\t\t\t\t\t  \t\t\t\t\t\t<\/div>\n  \t\t\t\t\t\t  \t\t\t\t\t<\/div>\n          \t\t\t\t\t<div class=\"box-text text-left\" >\n\t\t\t\t\t<div class=\"box-text-inner blog-post-inner\">\n\n\t\t\t\t\t\n\t\t\t\t\t\t\t\t\t\t\t<p class=\"cat-label tag-label is-xxsmall op-7 uppercase\">\n\t\t\t\t\tPhone Farm \t\t\t\t\t<\/p>\n\t\t\t\t\t\t\t\t\t\t<h5 class=\"post-title is-large \">\n\t\t\t\t\t\t<a href=\"https:\/\/genfarmer.com\/shop\/phone-farm-passive-income-es\/\" class=\"plain\">Phone Farm Passive Income: Expectativas y Ganancias Reales<\/a>\n\t\t\t\t\t<\/h5>\n\t\t\t\t\t<div class=\"post-meta is-small op-8\">Th\u00e1ng 3 31, 2026<\/div>\t\t\t\t\t<div class=\"is-divider\"><\/div>\n\t\t\t\t\t\t\t\t\t\t<p class=\"from_the_blog_excerpt \">\n\t\t\t\t\t\tEn 2026, el atractivo de las granjas de tel\u00e9fonos como fuente de ingresos pasivos ha cautivado a muchos, aunque solo una peque\u00f1a fracci\u00f3n de los entusiastas comprende el verdadero potencial...\t\t\t\t\t<\/p>\n\t\t\t\t\t                    \n\t\t\t\t\t\n\t\t\t\t\t\n\t\t\t\t\t<\/div>\n\t\t\t\t\t<\/div>\n\t\t\t\t\t\t\t\t\t<\/div>\n\t\t\t<\/div>\n\t\t<\/div><div class=\"col post-item\" >\n\t\t\t<div class=\"col-inner\">\n\t\t\t\t<div class=\"box box-normal box-text-bottom box-blog-post has-hover\">\n            \t\t\t\t\t<div class=\"box-image\" style=\"border-radius:3%;\">\n  \t\t\t\t\t\t<div class=\"image-cover\" style=\"padding-top:75%;\">\n\t\t\t\t\t\t\t\t\t\t\t\t\t\t<a href=\"https:\/\/genfarmer.com\/shop\/thu-nhap-thu-ong-bang-phone-farm\/\" class=\"plain\" aria-label=\"Thu nh\u1eadp th\u1ee5 \u0111\u1ed9ng b\u1eb1ng Phone Farm: K\u1ef3 V\u1ecdng &#038; Thu Nh\u1eadp Th\u1ef1c T\u1ebf\">\n\t\t\t\t\t\t\t\t<img loading=\"lazy\" decoding=\"async\" width=\"800\" height=\"480\" src=\"https:\/\/genfarmer.com\/shop\/wp-content\/uploads\/2026\/03\/item_84_1774941414.png\" class=\"attachment-original size-original wp-post-image\" alt=\"Thu nh\u1eadp th\u1ee5 \u0111\u1ed9ng b\u1eb1ng Phone Farm: K\u1ef3 V\u1ecdng &amp; Thu Nh\u1eadp Th\u1ef1c T\u1ebf\" srcset=\"https:\/\/genfarmer.com\/shop\/wp-content\/uploads\/2026\/03\/item_84_1774941414.png 800w, https:\/\/genfarmer.com\/shop\/wp-content\/uploads\/2026\/03\/item_84_1774941414-300x180.png 300w, https:\/\/genfarmer.com\/shop\/wp-content\/uploads\/2026\/03\/item_84_1774941414-768x461.png 768w, https:\/\/genfarmer.com\/shop\/wp-content\/uploads\/2026\/03\/item_84_1774941414-600x360.png 600w\" sizes=\"auto, (max-width: 800px) 100vw, 800px\" \/>\t\t\t\t\t\t\t<\/a>\n  \t\t\t\t\t\t\t  \t\t\t\t\t\t\t  \t\t\t\t\t\t<\/div>\n  \t\t\t\t\t\t  \t\t\t\t\t<\/div>\n          \t\t\t\t\t<div class=\"box-text text-left\" >\n\t\t\t\t\t<div class=\"box-text-inner blog-post-inner\">\n\n\t\t\t\t\t\n\t\t\t\t\t\t\t\t\t\t\t<p class=\"cat-label tag-label is-xxsmall op-7 uppercase\">\n\t\t\t\t\tPhone Farm \t\t\t\t\t<\/p>\n\t\t\t\t\t\t\t\t\t\t<h5 class=\"post-title is-large \">\n\t\t\t\t\t\t<a href=\"https:\/\/genfarmer.com\/shop\/thu-nhap-thu-ong-bang-phone-farm\/\" class=\"plain\">Thu nh\u1eadp th\u1ee5 \u0111\u1ed9ng b\u1eb1ng Phone Farm: K\u1ef3 V\u1ecdng &#038; Thu Nh\u1eadp Th\u1ef1c T\u1ebf<\/a>\n\t\t\t\t\t<\/h5>\n\t\t\t\t\t<div class=\"post-meta is-small op-8\">Th\u00e1ng 3 31, 2026<\/div>\t\t\t\t\t<div class=\"is-divider\"><\/div>\n\t\t\t\t\t\t\t\t\t\t<p class=\"from_the_blog_excerpt \">\n\t\t\t\t\t\tN\u0103m 2026, s\u1ee9c h\u1ea5p d\u1eabn c\u1ee7a phone farm nh\u01b0 m\u1ed9t ngu\u1ed3n thu nh\u1eadp th\u1ee5 \u0111\u1ed9ng \u0111\u00e3 cu\u1ed1n h\u00fat nhi\u1ec1u ng\u01b0\u1eddi, nh\u01b0ng ch\u1ec9 m\u1ed9t s\u1ed1 \u00edt ng\u01b0\u1eddi \u0111am m\u00ea th\u1ef1c s\u1ef1...\t\t\t\t\t<\/p>\n\t\t\t\t\t                    \n\t\t\t\t\t\n\t\t\t\t\t\n\t\t\t\t\t<\/div>\n\t\t\t\t\t<\/div>\n\t\t\t\t\t\t\t\t\t<\/div>\n\t\t\t<\/div>\n\t\t<\/div><\/div>\t\t<div class=\"ux-relay__control ux-relay__control--bottom container pb-half text-center\">\n\t\t\t\t\t\t\t<button class=\"ux-relay__button ux-relay__nav-button ux-relay__nav-button--prev\" data-flatsome-dir=\"prev\" disabled aria-label=\"Tr\u01b0\u1edbc \u0111\u00f3\">\n\t\t\t\t\t<svg class=\"ux-relay__button-icon\" viewBox=\"0 0 100 100\">\n\t\t\t\t\t\t<path d=\"M 10,50 L 60,100 L 70,90 L 30,50  L 70,10 L 60,0 Z\"><\/path>\n\t\t\t\t\t<\/svg>\n\t\t\t\t<\/button>\n\t\t\t\t<button class=\"ux-relay__button ux-relay__nav-button ux-relay__nav-button--next\" data-flatsome-dir=\"next\" aria-label=\"Ti\u1ebfp theo\">\n\t\t\t\t\t<svg class=\"ux-relay__button-icon\" viewBox=\"0 0 100 100\">\n\t\t\t\t\t\t<path d=\"M 10,50 L 60,100 L 70,90 L 30,50  L 70,10 L 60,0 Z\" transform=\"translate(100, 100) rotate(180)\"><\/path>\n\t\t\t\t\t<\/svg>\n\t\t\t\t<\/button>\n\t\t\t\t\t\t<\/div>\n\t\t\t\t<\/div>\n\t\t\r\n\r\n\r\n\t\t<\/div>\n\t\t\t\t\t<\/div>\n\n\t\r\n\r\n<\/div>","protected":false},"excerpt":{"rendered":"","protected":false},"author":1,"featured_media":0,"parent":0,"menu_order":0,"comment_status":"closed","ping_status":"closed","template":"page-blank.php","meta":{"footnotes":""},"class_list":["post-13","page","type-page","status-publish","hentry"],"lang":"vi","translations":{"vi":13,"en":5618,"es":6785,"id":7253},"pll_sync_post":[],"_links":{"self":[{"href":"https:\/\/genfarmer.com\/shop\/wp-json\/wp\/v2\/pages\/13","targetHints":{"allow":["GET"]}}],"collection":[{"href":"https:\/\/genfarmer.com\/shop\/wp-json\/wp\/v2\/pages"}],"about":[{"href":"https:\/\/genfarmer.com\/shop\/wp-json\/wp\/v2\/types\/page"}],"author":[{"embeddable":true,"href":"https:\/\/genfarmer.com\/shop\/wp-json\/wp\/v2\/users\/1"}],"replies":[{"embeddable":true,"href":"https:\/\/genfarmer.com\/shop\/wp-json\/wp\/v2\/comments?post=13"}],"version-history":[{"count":13,"href":"https:\/\/genfarmer.com\/shop\/wp-json\/wp\/v2\/pages\/13\/revisions"}],"predecessor-version":[{"id":5624,"href":"https:\/\/genfarmer.com\/shop\/wp-json\/wp\/v2\/pages\/13\/revisions\/5624"}],"wp:attachment":[{"href":"https:\/\/genfarmer.com\/shop\/wp-json\/wp\/v2\/media?parent=13"}],"curies":[{"name":"wp","href":"https:\/\/api.w.org\/{rel}","templated":true}]}}